{"version":"1.0","provider_name":"Family Farming Campaign","provider_url":"https:\/\/www.familyfarmingcampaign.org\/fr","author_name":"admin","author_url":"https:\/\/www.familyfarmingcampaign.org\/fr\/author\/epuerto_x468463d\/","title":"PREMIER ANNIVERSAIRE DE LA D\u00c9CLARATION DE L'AIAF 2014. - Family Farming Campaign","type":"rich","width":600,"height":338,"html":"<blockquote class=\"wp-embedded-content\" data-secret=\"fWzpTt2PeS\"><a href=\"https:\/\/www.familyfarmingcampaign.org\/fr\/primer-aniversario-de-la-declaracion-del-aiaf-2014\/\">PREMIER ANNIVERSAIRE DE LA D\u00c9CLARATION DE L&rsquo;AIAF 2014.<\/a><\/blockquote><iframe sandbox=\"allow-scripts\" security=\"restricted\" src=\"https:\/\/www.familyfarmingcampaign.org\/fr\/primer-aniversario-de-la-declaracion-del-aiaf-2014\/embed\/#?secret=fWzpTt2PeS\" width=\"600\" height=\"338\" title=\"\u00ab\u00a0PREMIER ANNIVERSAIRE DE LA D\u00c9CLARATION DE L&rsquo;AIAF 2014.\u00a0\u00bb &#8212; Family Farming Campaign\" data-secret=\"fWzpTt2PeS\" frameborder=\"0\" marginwidth=\"0\" marginheight=\"0\" scrolling=\"no\" class=\"wp-embedded-content\"><\/iframe><script type=\"text\/javascript\">\n\/* <![CDATA[ *\/\n\/*! This file is auto-generated *\/\n!function(d,l){\"use strict\";l.querySelector&&d.addEventListener&&\"undefined\"!=typeof URL&&(d.wp=d.wp||{},d.wp.receiveEmbedMessage||(d.wp.receiveEmbedMessage=function(e){var t=e.data;if((t||t.secret||t.message||t.value)&&!\/[^a-zA-Z0-9]\/.test(t.secret)){for(var s,r,n,a=l.querySelectorAll('iframe[data-secret=\"'+t.secret+'\"]'),o=l.querySelectorAll('blockquote[data-secret=\"'+t.secret+'\"]'),c=new RegExp(\"^https?:$\",\"i\"),i=0;i<o.length;i++)o[i].style.display=\"none\";for(i=0;i<a.length;i++)s=a[i],e.source===s.contentWindow&&(s.removeAttribute(\"style\"),\"height\"===t.message?(1e3<(r=parseInt(t.value,10))?r=1e3:~~r<200&&(r=200),s.height=r):\"link\"===t.message&&(r=new URL(s.getAttribute(\"src\")),n=new URL(t.value),c.test(n.protocol))&&n.host===r.host&&l.activeElement===s&&(d.top.location.href=t.value))}},d.addEventListener(\"message\",d.wp.receiveEmbedMessage,!1),l.addEventListener(\"DOMContentLoaded\",function(){for(var e,t,s=l.querySelectorAll(\"iframe.wp-embedded-content\"),r=0;r<s.length;r++)(t=(e=s[r]).getAttribute(\"data-secret\"))||(t=Math.random().toString(36).substring(2,12),e.src+=\"#?secret=\"+t,e.setAttribute(\"data-secret\",t)),e.contentWindow.postMessage({message:\"ready\",secret:t},\"*\")},!1)))}(window,document);\n\/\/# sourceURL=https:\/\/www.familyfarmingcampaign.org\/wp-includes\/js\/wp-embed.min.js\n\/* ]]> *\/\n<\/script>\n","thumbnail_url":"https:\/\/www.familyfarmingcampaign.org\/wp-content\/uploads\/2019\/11\/inbernaderoa_las_cerro_el_arboliton1.jpg","thumbnail_width":400,"thumbnail_height":300,"description":"Aujourd&rsquo; hui, c\u00b4est le premier anniversaire de la d\u00e9claration de l\u00b4Ann\u00e9e Internationale de l\u00b4Agriculture Familiale-AIAF 2014 par l\u00b4Assembl\u00e9e G\u00e9n\u00e9rale de l\u00b4ONU, le 21 D\u00e9cembre 2011 Aujourd&#39; hui c&acute;est le premier anniversaire de la d&eacute;claration de l&acute;Ann&eacute;e Internationale de l&acute;Agriculture Familiale-AIAF 2014 par l&acute;Assembl&eacute;e G&eacute;n&eacute;rale de l&acute;ONU, le 21 D&eacute;cembre 2011. C&acute;est un bon moment pour [&hellip;]"}

PREMIER ANNIVERSAIRE DE LA DÉCLARATION DE L'AIAF 2014. - Family Farming Campaign

<blockquote class="wp-embedded-content" data-secret="fWzpTt2PeS"><a href="https://www.familyfarmingcampaign.org/fr/primer-aniversario-de-la-declaracion-del-aiaf-2014/">PREMIER ANNIVERSAIRE DE LA DÉCLARATION DE L&rsquo;AIAF 2014.</a></blockquote><iframe sandbox="allow-scripts" security="restricted" src="https://www.familyfarmingcampaign.org/fr/primer-aniversario-de-la-declaracion-del-aiaf-2014/embed/#?secret=fWzpTt2PeS" width="600" height="338" title="« PREMIER ANNIVERSAIRE DE LA DÉCLARATION DE L&rsquo;AIAF 2014. » &#8212; Family Farming Campaign" data-secret="fWzpTt2PeS" frameborder="0" marginwidth="0" marginheight="0" scrolling="no" class="wp-embedded-content"></iframe><script type="text/javascript">
/* <![CDATA[ */
/*! This file is auto-generated */
!function(d,l){"use strict";l.querySelector&&d.addEventListener&&"undefined"!=typeof URL&&(d.wp=d.wp||{},d.wp.receiveEmbedMessage||(d.wp.receiveEmbedMessage=function(e){var t=e.data;if((t||t.secret||t.message||t.value)&&!/[^a-zA-Z0-9]/.test(t.secret)){for(var s,r,n,a=l.querySelectorAll('iframe[data-secret="'+t.secret+'"]'),o=l.querySelectorAll('blockquote[data-secret="'+t.secret+'"]'),c=new RegExp("^https?:$","i"),i=0;i<o.length;i++)o[i].style.display="none";for(i=0;i<a.length;i++)s=a[i],e.source===s.contentWindow&&(s.removeAttribute("style"),"height"===t.message?(1e3<(r=parseInt(t.value,10))?r=1e3:~~r<200&&(r=200),s.height=r):"link"===t.message&&(r=new URL(s.getAttribute("src")),n=new URL(t.value),c.test(n.protocol))&&n.host===r.host&&l.activeElement===s&&(d.top.location.href=t.value))}},d.addEventListener("message",d.wp.receiveEmbedMessage,!1),l.addEventListener("DOMContentLoaded",function(){for(var e,t,s=l.querySelectorAll("iframe.wp-embedded-content"),r=0;r<s.length;r++)(t=(e=s[r]).getAttribute("data-secret"))||(t=Math.random().toString(36).substring(2,12),e.src+="#?secret="+t,e.setAttribute("data-secret",t)),e.contentWindow.postMessage({message:"ready",secret:t},"*")},!1)))}(window,document);
//# sourceURL=https://www.familyfarmingcampaign.org/wp-includes/js/wp-embed.min.js
/* ]]> */
</script>

Aujourd&rsquo; hui, c´est le premier anniversaire de la déclaration de l´Année Internationale de l´Agriculture Familiale-AIAF 2014 par l´Assemblée Générale de l´ONU, le 21 Décembre 2011 Aujourd&#39; hui c&acute;est le premier anniversaire de la d&eacute;claration de l&acute;Ann&eacute;e Internationale de l&acute;Agriculture Familiale-AIAF 2014 par l&acute;Assembl&eacute;e G&eacute;n&eacute;rale de l&acute;ONU, le 21 D&eacute;cembre 2011. C&acute;est un bon moment pour [&hellip;]
